te number?
True
Is 411735901 a prime number?
True
Is 359190061 composite?
False
Is 1831850257 prime?
True
Is 1447074437 composite?
False
Is 4623557009 prime?
False
Is 1320379631 a prime number?
True
Is 286446959 composite?
False
Is 22048783153 a prime number?
True
Is 4499504137 composite?
False
Is 1045072109 prime?
True
Is 508757569 a prime number?
True
Is 5512421867 prime?
True
Is 6702110411 a prime number?
True
Is 275766683 a prime number?
False
Is 24098408709 a prime number?
False
Is 13468585397 a composite number?
True
Is 177393677 a composite number?
False
Is 4842455117 a prime number?
False
Is 2498703983 composite?
True
Is 7102195789 composite?
True
Is 10183573147 prime?
False
Is 7018127 a prime number?
False
Is 11280266917 prime?
True
Is 97281983 composite?
False
Is 13167176371 composite?
True
Is 332428541 a composite number?
True
Is 3580407365 a prime number?
False
Is 4925091649 composite?
False
Is 1932219461 a prime number?
True
Is 761506087 composite?
True
Is 5225111497 composite?
False
Is 22583288051 a prime number?
True
Is 48359434199 a prime number?
False
Is 81542935205 a composite number?
True
Is 1287516311 a prime number?
True
Is 410346973 a prime number?
True
Is 133347607 prime?
True
Is 9403512329 a composite number?
True
Is 59202467997 composite?
True
Is 10957078529 prime?
True
Is 32505831349 a composite number?
True
Is 30743325637 prime?
True
Is 232239089 a prime number?
True
Is 40867339693 a prime number?
False
Is 44681033797 composite?
False
Is 7175178781 a composite number?
True
Is 18992655971 composite?
False
Is 3300662269 composite?
False
Is 3100528657 composite?
False
Is 3275496329 a composite number?
True
Is 30151371181 a composite number?
False
Is 58144376163 composite?
True
Is 4311789233 composite?
False
Is 19507120159 a prime number?
False
Is 43459513381 a composite number?
False
Is 123108701159 composite?
True
Is 6450939353 a composite number?
False
Is 465761237 a composite number?
False
Is 5562319187 composite?
True
Is 776439659 composite?
True
Is 4960134037 composite?
True
Is 12134008013 a composite number?
False
Is 329392398101 prime?
False
Is 63647699 composite?
False
Is 46820531 a prime number?
True
Is 87185069 a composite number?
True
Is 17252958703 composite?
False
Is 13086836443 a prime number?
True
Is 1168227323 a composite number?
False
Is 2334599185 a prime number?
False
Is 32308648607 a prime number?
True
Is 740994781 a composite number?
False
Is 27325338301 prime?
False
Is 100241828807 prime?
True
Is 852827567 a composite number?
True
Is 13535275843 a prime number?
True
Is 250392367 composite?
False
Is 2015931067 composite?
True
Is 2306622719 prime?
True
Is 729634027 composite?
True
Is 549121007 a composite number?
True
Is 1606195691 a composite number?
False
Is 8030135881 a prime number?
True
Is 1536303407 a prime number?
True
Is 53839077155 prime?
False
Is 1163857073 prime?
True
Is 432869443 composite?
False
Is 1023298781 a prime number?
True
Is 2324191585 composite?
True
Is 1856574479 prime?
False
Is 456673253 prime?
True
Is 104441431505 a prime number?
False
Is 3588278393 composite?
True
Is 47907252563 a prime number?
True
Is 119838396731 a prime number?
False
Is 5179853639 a prime number?
True
Is 1587869191 composite?
False
Is 2657198221 composite?
False
Is 9527218451 prime?
True
Is 2250934919 composite?
True
Is 15652552973 prime?
False
Is 7137160763 composite?
True
Is 1145355287 a composite number?
False
Is 1639240817 a composite number?
False
Is 544223 a composite number?
False
Is 5049337285 a prime number?
False
Is 13624145827 a prime number?
True
Is 59472703 a prime number?
False
Is 1911138539 prime?
True
Is 1765292026 a prime number?
False
Is 591172237 a prime number?
True
Is 81122819 a prime number?
True
Is 9751296293 a prime number?
True
Is 676864709 a prime number?
True
Is 930929687 prime?
True
Is 2846115967 prime?
True
Is 983254081 a prime number?
False
Is 987174001 a prime number?
False
Is 3883513687 a composite number?
False
Is 5488806137 a composite number?
False
Is 4739290393 a prime number?
True
Is 34688440135 a composite number?
True
Is 2810350111 a prime number?
False
Is 75218747 composite?
True
Is 7758788239 composite?
True
Is 142021463 a composite number?
False
Is 8151769391 a composite number?
False
Is 1889224789 composite?
True
Is 10544405909 composite?
False
Is 52119017 a composite number?
False
Is 76557616463 a composite number?
False
Is 3855143233 a composite number?
False
Is 10343851001 a composite number?
True
Is 86365036181 a prime number?
False
Is 23961860833 prime?
True
Is 81031939 a composite number?
True
Is 123808153213 a prime number?
False
Is 6192756919 composite?
True
Is 459725171 a prime number?
False
Is 67686968749 composite?
True
Is 6203276201 composite?
True
Is 3287780101 a composite number?
True
Is 8116263769 prime?
True
Is 16615956039 a prime number?
False
Is 29819035021 prime?
True
Is 233336471 a composite number?
False
Is 4458175723 prime?
False
Is 127778780977 prime?
False
Is 8052321517 a composite number?
True
Is 11474658127 a composite number?
True
Is 235296562169 a composite number?
False
Is 12731979017 a composite number?
True
Is 1343110339 a prime number?
True
Is 166182945871 composite?
False
Is 4716689563 prime?
True
Is 562183459 a composite number?
False
Is 63550009 prime?
False
Is 47276219521 a prime number?
False
Is 1602674993 a composite number?
True
Is 52215841487 a prime number?
True
Is 52886446397 prime?
True
Is 9577283 prime?
False
Is 24585716417 composite?
False
Is 1554684251 a prime number?
True
Is 38289757547 a composite number?
False
Is 11776295737 prime?
True
Is 18961353751 a prime number?
True
Is 5038762966 prime?
False
Is 21770309417 composite?
True
Is 988693273 a prime number?
False
Is 439709159 prime?
True
Is 4681055215 a composite number?
True
Is 43346684131 a prime number?
True
Is 26423809649 composite?
False
Is 436351268297 prime?
False
Is 6481413821 a prime number?
True
Is 79640369197 a composite number?
False
Is 4081978633 a prime number?
True
Is 214446797 a composite number?
False
Is 75315733807 a prime number?
True
Is 56237713789 a prime number?
True
Is 5223230183 a composite number?
False
Is 11351171939 prime?
True
Is 280326791 composite?
False
Is 66691496537 composite?
False
Is 4414045739 a composite number?
True
Is 61583230519 prime?
True
Is 9532529693 a composite number?
False
Is 1153480813 composite?
False
Is 1523012613 prime?
False
Is 2711556487 a composite number?
True
Is 15480061719 a prime number?
False
Is 6143796667 a prime number?
True
Is 14616933547 a composite number?
True
Is 987963883 prime?
True
Is 1507422107 a prime number?
True
Is 1450055767 prime?
False
Is 12091837685 a composite number?
True
Is 414289933 a composite number?
False
Is 171988290101 prime?
True
Is 1094640083 a composite number?
False
Is 809817707 a composite number?
False
Is 425400989 a composite number?
True
Is 1297294631 a composite number?
False
Is 1767399758 composite?
True
Is 2988135602 a composite number?
True
Is 120949335359 composite?
True
Is 2318014133 composite?
False
Is 24299011951 prime?
True
Is 478104283 composite?
True
Is 2048726227 a prime number?
False
Is 40898363413 a prime number?
True
Is 415273891 prime?
False
Is 316927643 a prime number?
True
Is 414473237 a prime number?
False
Is 136002718 a prime number?
False
Is 7356629233 composite?
True
Is 4819178263 a prime number?
True
Is 4934625499 composite?
False
Is 2136607469 a composite number?
False
Is 38087915555 composite?
True
Is 144398377 composite?
False
Is 1365451067 prime?
False
Is 20086755769 composite?
False
Is 330775463 a composite number?
True
Is 3430772237 prime?
True
Is 6013049411 a prime number?
False
Is 6186503627 a prime number?
True
Is 689781427 composite?
True
Is 4266990526 composite?
True
Is 800570077 a prime number?
True
Is 3311557351 prime?
True
Is 6454637053 a composite number?
True
Is 1228320559 composite?
False
Is 45535461407 a prime number?
True
Is 4894872007 composite?
True
Is 483996841 a prime number?
False
Is 79383392639 a prime number?
True
Is 148570997 a composite number?
False
Is 1659140603 composite?
False
Is 5735222609 prime?
True
Is 11348906861 prime?
True
Is 29121273494 a composite number?
True
Is 12104396077 a composite number?
False
Is 402